{"version":"1.0","provider_name":"LernFilm Festival \u2013 FR","provider_url":"https:\/\/www.lernfilm-festival.ch\/fr","author_name":"Lernetz Admin","author_url":"https:\/\/www.lernfilm-festival.ch\/fr\/author\/lernetz\/","title":"A notre sujet - LernFilm Festival \u2013 FR","type":"rich","width":600,"height":338,"html":"<blockquote class=\"wp-embedded-content\" data-secret=\"tSOwss8S4r\"><a href=\"https:\/\/www.lernfilm-festival.ch\/fr\/a-notre-sujet\/\">A notre sujet<\/a><\/blockquote><iframe sandbox=\"allow-scripts\" security=\"restricted\" src=\"https:\/\/www.lernfilm-festival.ch\/fr\/a-notre-sujet\/embed\/#?secret=tSOwss8S4r\" width=\"600\" height=\"338\" title=\"\u00ab\u00a0A notre sujet\u00a0\u00bb &#8212; LernFilm Festival \u2013 FR\" data-secret=\"tSOwss8S4r\" frameborder=\"0\" marginwidth=\"0\" marginheight=\"0\" scrolling=\"no\" class=\"wp-embedded-content\"><\/iframe><script>\n\/*! This file is auto-generated *\/\n!function(d,l){\"use strict\";l.querySelector&&d.addEventListener&&\"undefined\"!=typeof URL&&(d.wp=d.wp||{},d.wp.receiveEmbedMessage||(d.wp.receiveEmbedMessage=function(e){var t=e.data;if((t||t.secret||t.message||t.value)&&!\/[^a-zA-Z0-9]\/.test(t.secret)){for(var s,r,n,a=l.querySelectorAll('iframe[data-secret=\"'+t.secret+'\"]'),o=l.querySelectorAll('blockquote[data-secret=\"'+t.secret+'\"]'),c=new RegExp(\"^https?:$\",\"i\"),i=0;i<o.length;i++)o[i].style.display=\"none\";for(i=0;i<a.length;i++)s=a[i],e.source===s.contentWindow&&(s.removeAttribute(\"style\"),\"height\"===t.message?(1e3<(r=parseInt(t.value,10))?r=1e3:~~r<200&&(r=200),s.height=r):\"link\"===t.message&&(r=new URL(s.getAttribute(\"src\")),n=new URL(t.value),c.test(n.protocol))&&n.host===r.host&&l.activeElement===s&&(d.top.location.href=t.value))}},d.addEventListener(\"message\",d.wp.receiveEmbedMessage,!1),l.addEventListener(\"DOMContentLoaded\",function(){for(var e,t,s=l.querySelectorAll(\"iframe.wp-embedded-content\"),r=0;r<s.length;r++)(t=(e=s[r]).getAttribute(\"data-secret\"))||(t=Math.random().toString(36).substring(2,12),e.src+=\"#?secret=\"+t,e.setAttribute(\"data-secret\",t)),e.contentWindow.postMessage({message:\"ready\",secret:t},\"*\")},!1)))}(window,document);\n\/\/# sourceURL=https:\/\/www.lernfilm-festival.ch\/fr\/wp-includes\/js\/wp-embed.min.js\n<\/script>\n","description":"Il est organis\u00e9 par LerNetz. L\u2019\u00e9ducation et les m\u00e9dias sont notre passion. Nous promouvons des id\u00e9es innovantes et cr\u00e9atives pour un apprentissage par le biais des m\u00e9dias dans le cadre de projets \u00e0 but non lucratif. Le LernFilm Festival a d\u00e9j\u00e0 f\u00eat\u00e9 son 10e anniversaire ! Il est organis\u00e9 par LerNetz. L\u2019\u00e9ducation et les m\u00e9dias [&hellip;]","thumbnail_url":"https:\/\/www.lernfilm-festival.ch\/fr\/wp-content\/uploads\/sites\/2\/2025\/04\/LFF-Kernteam.jpg","thumbnail_width":1920,"thumbnail_height":1920}

Il est organisé par LerNetz. L’éducation et les médias sont notre passion. Nous promouvons des idées innovantes et créatives pour un apprentissage par le biais des médias dans le cadre de projets à but non lucratif. Le LernFilm Festival a déjà fêté son 10e anniversaire ! Il est organisé par LerNetz. L’éducation et les médias [&hellip;]
